f 308116913?
1
What is the hundred millions digit of 112342618?
1
What is the hundred millions digit of 462216270?
4
What is the hundred thousands digit of 1158096735?
0
What is the hundreds digit of 299247157?
1
What is the hundred thousands digit of 1978032281?
0
What is the thousands digit of 27590555?
0
What is the millions digit of 99987188?
9
What is the hundreds digit of 101869658?
6
What is the hundreds digit of 309518981?
9
What is the ten thousands digit of 529808524?
0
What is the ten thousands digit of 17640138?
4
What is the hundred millions digit of 275162569?
2
What is the thousands digit of 190912493?
2
What is the hundreds digit of 57912952?
9
What is the tens digit of 1140079635?
3
What is the ten millions digit of 52832864?
5
What is the hundred thousands digit of 1686296472?
2
What is the ten thousands digit of 47139928?
3
What is the units digit of 346537052?
2
What is the millions digit of 23354941?
3
What is the millions digit of 2194758556?
4
What is the tens digit of 3632048191?
9
What is the millions digit of 1594407764?
4
What is the tens digit of 626411772?
7
What is the units digit of 208252072?
2
What is the ten thousands digit of 459798384?
9
What is the tens digit of 50214705?
0
What is the ten millions digit of 343238728?
4
What is the hundreds digit of 339530803?
8
What is the tens digit of 1787306433?
3
What is the thousands digit of 29450328?
0
What is the units digit of 291140853?
3
What is the hundred thousands digit of 90958245?
9
What is the hundreds digit of 3685383948?
9
What is the tens digit of 327381987?
8
What is the billions digit of 3775665462?
3
What is the hundred thousands digit of 666576782?
5
What is the hundreds digit of 802557223?
2
What is the millions digit of 111378993?
1
What is the ten thousands digit of 26313665?
1
What is the ten thousands digit of 161922642?
2
What is the units digit of 256115499?
9
What is the ten millions digit of 532595827?
3
What is the units digit of 33771034?
4
What is the hundred thousands digit of 53279504?
2
What is the thousands digit of 68545632?
5
What is the ten millions digit of 16611505?
1
What is the units digit of 2195199558?
8
What is the hundreds digit of 48004850?
8
What is the units digit of 114556311?
1
What is the hundred millions digit of 193141377?
1
What is the ten thousands digit of 517708554?
0
What is the units digit of 75583572?
2
What is the ten millions digit of 1314794181?
1
What is the thousands digit of 489998439?
8
What is the ten millions digit of 19145301?
1
What is the billions digit of 1287903990?
1
What is the hundred thousands digit of 2989256379?
2
What is the tens digit of 37051843?
4
What is the millions digit of 40272299?
0
What is the units digit of 61433419?
9
What is the ten thousands digit of 30161063?
6
What is the ten thousands digit of 1476842897?
4
What is the units digit of 34890387?
7
What is the hundreds digit of 325344587?
5
What is the ten millions digit of 204583094?
0
What is the hundreds digit of 293523696?
6
What is the hundreds digit of 188620376?
3
What is the ten thousands digit of 5083817?
8
What is the hundreds digit of 71364490?
4
What is the ten thousands digit of 302872529?
7
What is the ten thousands digit of 97338807?
3
What is the hundreds digit of 58606032?
0
What is the ten thousands digit of 656107961?
0
What is the units digit of 5399036?
6
What is the millions digit of 1971270?
1
What is the billions digit of 1250726301?
1
What is the hundreds digit of 168789179?
1
What is the thousands digit of 4150865?
0
What is the tens digit of 154697998?
9
What is the hundred millions digit of 106235849?
1
What is the ten thousands digit of 2527706295?
0
What is the hundred thousands digit of 203940578?
9
What is the tens digit of 25854585?
8
What is the billions digit of 6662280836?
6
What is the hundred thousands digit of 371525767?
5
What is the ten millions digit of 158220071?
5
What is the millions digit of 221071219?
1
What is the thousands digit of 21995680?
5
What is the hundreds digit of 38032867?
8
What is the ten millions digit of 1951106962?
5
What is the thousands digit of 75865287?
5
What is the hundreds digit of 257408807?
8
What is the ten millions digit of 90628301?
9
What is the ten millions digit of 1795227678?
9
What is the thousands digit of 97376769?
6
What is the billions digit of 1152646036?
1
What is the thousands digit of 33868639?
8
What is the ten millions digit of 190308375?
9
What is the thousands digit of 394406352?
6
What is the hundreds digit of 210320808?
8
What is the units digit of 12602477?
7
What is the ten millions digit of 56763555?
5
What is the ten thousands digit of 1582441151?
4
What is the millions digit of 54596654?
4
What is the units digit of 1029195073?
3
What is the millions digit of 15480442?
5
What is the tens digit of 45920168?
6
What is the thousands digit of 593901893?
1
What is the hundreds digit of 442474015?
0
What is the tens digit of 443642962?
6
What is the tens digit of 569652870?
7
What is the hundreds digit of 183264656?
6
What is the units digit of 110219743?
3
What is the thousands digit of 201312731?
2
What is the ten millions digit of 997862417?
9
What is the ten millions digit of 567664454?
6
What is the units digit of 420450086?
6
What is the hundred thousands digit of 106931775?
9
What is the tens digit of 387500254?
5
What is the hundred millions digit of 321698381?
3
What is the tens digit of 454327367?
6
What is the thousands digit of 1725438537?
8
What is the hundreds digit of 132981948?
9
What is the millions digit of 125853503?
5
What is the ten thousands digit of 84840621?
4
What is the units digit of 112890360?
0
What is the tens digit of 54045480?
8
What is the ten thousands digit of 1014549957?
4
What is the tens digit of 38353603?
0
What is the ten millions digit of 63424428?
6
What is the units digit of 1796768980?
0
What is the millions digit of 441976276?
1
What is the billions digit of 1366463768?
1
What is the hundreds digit of 97552058?
0
What is the ten thousands digit of 1208669559?
6
What is the thousands digit of 1025932728?
2
What is the hundred millions digit of 436640928?
4
What is the hundred millions digit of 177588656?
1
What is the ten millions digit of 149331390?
4
What is the millions digit of 5357155182?
7
What is the hundred thousands digit of 19792563?
7
What is the tens digit of 2405661177?
7
What is the units digit of 24943343?
3
What is the hundred millions digit of 363580000?
3
What is the millions digit of 650364985?
0
What is the hundreds digit of 108182526?
5
What is the units digit of 38723657?
7
What is the ten thousands digit of 357780464?
8
What is the ten thousands digit of 38710003?
1
What is the hundreds digit of 61769941?
9
What is the hundreds digit of 124132286?
2
What is the ten millions digit of 845717350?
4
What is the billions digit of 4834677609?
4
What is the millions digit of 686870950?
6
What is the millions digit of 52456488?
2
What is the hundred thousands digit of 57539772?
5
What is the ten thousands digit of 249155569?
5
What is the ten thousands digit of 8920921?
2
What is the tens digit of 91883946?
4
What is the tens digit of 261356104?
0
What is the thousands digit of 267065295?
5
What is the millions digit of 2218812076?
8
What is the ten thousands digit of 87915374?
1
What is the tens digit of 6061969?
6
What is the millions digit of 342893493?
2
What is the millions digit of 123656204?
3
What is the millions digit of 162967100?
2
What is the tens digit of 233968186?
8
What is the hundreds digit of 3487800972?
9
What is the hundreds digit of 1623688958?
9
What is the ten thousands digit of 399399118?
9
What is the hundred thousands digit of 6704025876?
0
What is the hundreds digit of 95692635?
6
What is the hundred thousands digit of 154943356?
9
What is the hundred thousands digit of 1855748?
8
What is the hundred thousands digit of 1630940215?
9
What is the hundred thousands digit of 105487934?
4
What is the ten millions digit of 525281458?
2
What is the tens digit of 2350516?
1
What is the tens digit of 516837464?
6
What is the hundreds digit of 113747775?
7
What is the ten millions digit of 77676554?
7
What is the hundred millions digit of 289196334?
2
